en 34 is divided by b.
6
Calculate the remainder when 336 is divided by 79 + 1 - (7 - 13).
78
Let a = 31 + -45. Let p = a + 27. What is the remainder when 51 is divided by p?
12
Let y(l) = 2*l - 3. Calculate the remainder when 45/36 - (-489)/12 is divided by y(7).
9
Suppose -25 + 2 = -2*h + 5*v, 0 = -v + 1. Let q be -134*1*(1 - 2). Let c = 188 - q. What is the remainder when c is divided by h?
12
Suppose 4*n = -q + 127, 9*q + 5*n = 4*q + 605. Calculate the remainder when q is divided by 24.
23
Let l be (3/(-9))/(4/(-36)). Let x(f) = -f**3 + 5*f**2 - 3*f - 2. Let h be x(l). Suppose -g + 57 + h = 0. What is the remainder when g is divided by 22?
20
Suppose -37*h + 31*h = -282. Calculate the remainder when 233 is divided by h.
45
Suppose 10*b - 75 = 5*b. Calculate the remainder when 87 is divided by b.
12
Let f be ((-4)/(-6))/(2/324). Let m = -61 + f. What is the remainder when m is divided by 12?
11
Let s = -47 - -54. Suppose -4 = 2*j + 3*h - s*h, -10 = -2*h. What is the remainder when 37 is divided by j?
5
Let h(t) = t**3 + 45*t**2 + 16*t + 65. Let i(d) = -11*d**2 - 4*d - 16. Let a(j) = 2*h(j) + 9*i(j). What is the remainder when a(6) is divided by 15?
10
Calculate the remainder when 4/(4/277)*(-3 - -4) is divided by 53.
12
Suppose -33*h + 31*h + 1254 = 0. What is the remainder when h is divided by 79?
74
What is the remainder when ((-33)/(-22))/(1/(-110))*-1 is divided by 20?
5
Calculate the remainder when 456*4/3*(-4)/(-16) is divided by 17.
16
Suppose 0 = -2*q + 5*q - 432. Let c(h) = -352*h - 2083. What is the remainder when q is divided by c(-6)?
28
Suppose -2*u - 3 + 1 = 0, 4*n = 5*u + 549. Let r(b) = 3*b + 2. What is the remainder when n is divided by r(7)?
21
Let m(d) = d**2 + 4*d - 2. Let s be m(-9). Suppose 148 - s = 5*p. Calculate the remainder when 60 is divided by p.
18
Let w = 387 + -260. Suppose -2*h + 2*b + 36 = 0, 5*b + 26 = 2*h - 25. Calculate the remainder when w is divided by h.
10
Let k(b) be the second derivative of 7*b**3/6 - 12*b**2 + 25*b. What is the remainder when k(5) is divided by 8?
3
Let r = -697 - -905. Calculate the remainder when r is divided by 44.
32
Let x = -1543 + 1642. Calculate the remainder when 690 is divided by x.
96
Let z(g) = -g**2 - 15*g - 12. Let s be z(-13). Let v = s + -10. Suppose -4*h + 3*n + 42 = 3, 24 = h + v*n. Calculate the remainder when 34 is divided by h.
10
Let r(g) = g + 25. What is the remainder when 73 is divided by r(0)?
23
Suppose -79 = -4*u - 19. Suppose 0 = -3*z - u, 0 = 5*m + z + 25 + 40. What is the remainder when 23 is divided by 3 + 1 - (m - -4)?
11
Let a(s) = s**3 - 11*s**2 + s - 6. Let k be a(11). Let m = -35 - -48. Suppose -k*i = -m - 57. What is the remainder when 41 is divided by i?
13
Suppose 6*k = 3*k + 234. Suppose k = -2*v + 306. Suppose o + 2*o - v = 0. What is the remainder when o is divided by 20?
18
Let k(m) = 88*m + 2. What is the remainder when k(1) is divided by 33?
24
Let u = -6 - -7. Suppose u = m - 4. Suppose -m*a + 26 = -29. What is the remainder when a is divided by 4?
3
Let x = -1977 + 1987. Calculate the remainder when 726 is divided by x.
6
Suppose 3*i - 243 = -5*a + 307, -2*a + 5*i + 251 = 0. What is the remainder when a is divided by 9?
5
Suppose 0*h = 5*h - 50. Suppose 2*m - w = h, 0*w - 3*w = 4*m. Suppose 4*v + 5*u = m, 0*u + 1 = -2*v - 5*u. What is the remainder when v is divided by 2?
0
Suppose -s + 6*s - 15 = 0, 0 = -2*c - s + 133. Suppose -c = -3*v + 4*f, 5*f + 18 = v - 0*v. Let i = 101 + -33. What is the remainder when i is divided by v?
22
Let n(u) = -u**3 - 7*u**2 - 9*u - 9. Let f be n(-6). Suppose 4*k = k + f. Suppose -4*c = -k*c - 11. What is the remainder when 41 is divided by c?
8
Let l(i) = -i**2 + 14*i - 6. Let d(u) = -u**2 + 12*u + 33. Let o be d(14). Calculate the remainder when l(o) is divided by 21.
18
Suppose 322 = 4*k + 21*m - 23*m, -4*k + m + 325 = 0. Calculate the remainder when k is divided by 13.
4
Suppose 2*z = 239 - 29. What is the remainder when 412 is divided by z?
97
Let x = -23 + 25. Let t be 1776/14 - x/(-14). Suppose 5*g + 4*b - t = 61, 0 = -g - 3*b + 42. Calculate the remainder when g is divided by 13.
10
Suppose -28*b + 312 = -15*b. Calculate the remainder when (-1)/(0 - (-1)/(-93)) is divided by b.
21
What is the remainder when (-110)/((-14)/(-44) + 8/(-16)) is divided by 16?
13
Suppose 50 = -4*f - 222. Let a = f - -79. What is the remainder when 29 is divided by a?
7
Let v = 12 - 0. Suppose -12 = -4*l + v. What is the remainder when (-1)/(-3) + (-46)/(-6) is divided by l?
2
Let s(j) = j**3 + 13*j**2 - 11*j - 106. Calculate the remainder when 105 is divided by s(-13).
31
Suppose 2*f - 21 = -5*p - 1, 0 = 5*f + 4*p - 16. Let l be (2 + -3 + 2)*f. Suppose 4*b - 117 - 71 = l. What is the remainder when b is divided by 12?
11
Suppose -28 = -y + 5*c - 1, 4*c + 12 = -4*y. Suppose 0 = -i + 4. Suppose i*a + y*a - 534 = 0. What is the remainder when a is divided by 23?
20
Let l(n) = -2*n + 2. Let b be l(-10). Let d = b - 22. Suppose -7*f + 12*f - 35 = d. What is the remainder when f is divided by 2?
1
Let i = -25 - -28. Suppose 3*q - i - 3 = 0. Calculate the remainder when q is divided by 1.
0
Suppose -13*q + 95 = 43. What is the remainder when 53 is divided by q?
1
Suppose -45 = 4*l - 305. Suppose -52*s + 34*s + 306 = 0. Calculate the remainder when l is divided by s.
14
Let g(v) = 8*v - 1. Let y be g(1). Let k = 14 - y. What is the remainder when 17 is divided by k?
3
Let l(r) = -r**3 - 3*r**2 - 4*r - 1. Let m(o) = 10*o**2 + 7*o + 5. Let w = 87 - 89. What is the remainder when m(w) is divided by l(-3)?
9
Let v(u) = -2*u + 7 - 3*u - 9 - 3*u. What is the remainder when v(-2) is divided by (1/(-3))/(((-75)/(-36))/(-25))?
2
Calculate the remainder when 527 is divided by (0 - -1)/((-10)/10)*-13.
7
Let p = 3 + 2. Suppose -p*v + 0 + 1 = 3*u, 4*u + v = 7. Let a = -1483 + 1485. What is the remainder when u is divided by a?
0
Suppose 4*m - 4*t = 112, 3*t = -3*m + 8*m - 132. Calculate the remainder when 60 is divided by m.
12
Let r(t) = -4*t + 15*t - 3*t**2 - 4 + 10*t. Let s(a) = 4*a**2 + 3*a + 2. Calculate the remainder when s(-4) is divided by r(6).
12
Let f be 4 + -5 - (-3 + 2). Suppose f = -2*s + 2*n + 2328, 4*s = s - n + 3492. Calculate the remainder when 21 is divided by (-2)/(-9) + s/108.
10
Let k = -115 - -128. Calculate the remainder when 51 is divided by k.
12
Let h(m) = m - 4. Let g be h(5). Calculate the remainder when 29 is divided by (4 + 6 + g)/1.
7
Let o = 432 - 247. Let g = 267 - o. Suppose -22 = -2*l + 2*m + 82, 5*m - g = -l. Calculate the remainder when l is divided by 15.
12
Suppose 1 = -3*j + 10. Suppose j*s + 6 = 5*s. Let t(a) = a**2 + a + 7. Calculate the remainder when t(0) is divided by s.
1
Let l(z) = -14*z - 9. Suppose 407 = 2*f + 9*f. What is the remainder when f is divided by l(-2)?
18
Let c = 328 + -43. Calculate the remainder when c is divided by 22.
21
Let p(a) = -2*a**2 + 26*a + 34. Calculate the remainder when 47 is divided by p(14).
5
Let j be (1 + 25/(-3))/(198/(-297)). Suppose -7*s - 84 = -j*s. Calculate the remainder when 102 is divided by s.
18
Suppose -3*p + 7 = -4*p. Let w = p - -11. Suppose 9*b - 12412 = -12376. Calculate the remainder when w is divided by b.
0
Let a = 133 - 129. What is the remainder when 123 is divided by a?
3
Suppose 412 = 16*m + 12. Suppose w - 4*l = 173, 2*w + 4*l - 5*l - 346 = 0. Calculate the remainder when w is divided by m.
23
Let u = 5 - -22. Let q be (-1)/(((-6)/4)/(-3)). What is the remainder when u*3*q/(-18) is divided by 4?
1
Let v be 3*4/(-3) + 9. Suppose -v*l + 2*t + 42 = 8, 2*t + 4 = 0. Suppose 0 = l*i - i - 200. Calculate the remainder when i is divided by 14.
12
Let r = 453 + -371. What is the remainder when r is divided by -1 + 0 + 17 + 1?
14
Let y(c) = -2*c - 11. Let v(w) = w + 5. Let f(k) = 11*v(k) + 6*y(k). Let r be f(-8). Calculate the remainder when 23 is divided by (1 - r)*(6 - 4).
7
Suppose 2*l - 5*s - 121 - 66 = 0, -4*l + s + 329 = 0. Suppose -l = -2*d + 19. Calculate the remainder when d is divided by (1 + -15 - -1)/(-1).
11
Suppose -32*o + 27*o + 55 = 0. Let d = 16 - o. What is the remainder when 2 - ((-36)/2)/3 is divided by d?
3
Suppose -s - 5*c + 21 = 0, 10*c - 7*c = 4*s - 84. What is the remainder when 57 is divided by s?
15
Suppose 5*b = 